{"id":29,"date":"2021-03-08T23:26:17","date_gmt":"2021-03-08T20:26:17","guid":{"rendered":"https:\/\/silikajel.kimted.net\/?post_type=product&#038;p=29"},"modified":"2021-09-09T15:54:55","modified_gmt":"2021-09-09T12:54:55","slug":"nem-alici-silikajel-3-grlik","status":"publish","type":"product","link":"https:\/\/silikajel.kimted.net\/?product=nem-alici-silikajel-3-grlik","title":{"rendered":"Nem al\u0131c\u0131 silikajel 3 gr\u2019l\u0131k"},"content":{"rendered":"<h1 style=\"text-align: center;\"><a href=\"https:\/\/urun.n11.com\/medikal-malzemeler\/silikajel-nem-alici-3grlik-1000-adetlik-pakette-P215973075\" target=\"_blank\" rel=\"noopener\">Nem al\u0131c\u0131<\/a> silikajel 3 gr\u2019l\u0131k<\/h1>\n<h3>\u00dcretim sonras\u0131 sevkiyat ve depolarda saklama esnas\u0131nda havada bulunan nem ve rutubet, \u00fcr\u00fcnlerin ve ambalajlar\u0131n bozulmas\u0131na, k\u00fcflenmesine neden olabilir.<\/h3>\n<h4>Elektronik cihazlarda nemden dolay\u0131 bozulmalara yol a\u00e7abilir. Bu sebepten nem al\u0131c\u0131 silikajel <a href=\"https:\/\/www.kimted.net\/2017\/11\/03\/nem-alici-silikajel-1gr\/\" target=\"_blank\" rel=\"noopener\">(Silica gel)<\/a> \u00fcr\u00fcnlerinin kullan\u0131lmas\u0131 \u00fcr\u00fcnlerinizin korunmas\u0131nda yararl\u0131 olacakt\u0131r.<\/h4>\n","protected":false},"excerpt":{"rendered":"<h2>1000 adet&#8217;lik paketlerde<\/h2>\n","protected":false},"featured_media":76,"comment_status":"open","ping_status":"closed","template":"","meta":{"_monsterinsights_skip_tracking":false,"_monsterinsights_sitenote_active":false,"_monsterinsights_sitenote_note":"","_monsterinsights_sitenote_category":0,"advanced_seo_description":"","jetpack_seo_html_title":"","jetpack_seo_noindex":false,"jetpack_publicize_message":"","jetpack_publicize_feature_enabled":true,"jetpack_social_post_already_shared":false,"jetpack_social_options":{"image_generator_settings":{"template":"highway","default_image_id":0,"enabled":false},"version":2}},"product_brand":[],"product_cat":[15,16],"product_tag":[29,28,38,27,160,231,25,206,246,24,31,250,18,77,81,82,21,137,35,32,33,148,36,43,210,208,211,213,212,216,215,218,214,226,225,227,223,238,237,222,242,241,239,240,255,41,249,252,253,257,228,254,224,221,17,233,236,234,42,235,209,217,219,230,220,229,202,204,244,243,203,205,245,139,79,84,247,248,207,251,256,39,40,232],"class_list":{"0":"post-29","1":"product","2":"type-product","3":"status-publish","4":"has-post-thumbnail","6":"product_cat-tum-urunler","7":"product_cat-silikajel","8":"product_tag-3-gr","9":"product_tag-3-gram","10":"product_tag-3-gramlik","11":"product_tag-3gr","12":"product_tag-beyaz-silikajel","13":"product_tag-delta-silikajel","14":"product_tag-desiccant","15":"product_tag-indikatorlu","16":"product_tag-merck-silikajel","17":"product_tag-nem","18":"product_tag-nem-absorber","19":"product_tag-nem-alici-silika-jel","20":"product_tag-nem-alici","21":"product_tag-nem-alici-silikajel","22":"product_tag-nem-alici-silikajel-ankara","23":"product_tag-nem-alici-silikajel-izmir","24":"product_tag-nem-tutucu","25":"product_tag-nemlendirici","26":"product_tag-rutubet-emici","27":"product_tag-rutubet-onleyici","28":"product_tag-rutubet-tutucu","29":"product_tag-silica-gel","30":"product_tag-silicagel","31":"product_tag-silika-jel","32":"product_tag-silika-jel-al","33":"product_tag-silika-jel-ankara","34":"product_tag-silika-jel-antalya","35":"product_tag-silika-jel-araba","36":"product_tag-silika-jel-ayakkabi","37":"product_tag-silika-jel-bauhaus","38":"product_tag-silika-jel-boncuk","39":"product_tag-silika-jel-boya","40":"product_tag-silika-jel-bursa","41":"product_tag-silika-jel-cesitleri","42":"product_tag-silika-jel-cicek-kurutma","43":"product_tag-silika-jel-corlu","44":"product_tag-silika-jel-formulu","45":"product_tag-silika-jel-hammaddesi","46":"product_tag-silika-jel-hepsiburada","47":"product_tag-silika-jel-hs-code","48":"product_tag-silika-jel-ikitelli","49":"product_tag-silika-jel-istanbul","50":"product_tag-silika-jel-istoc","51":"product_tag-silika-jel-izmir","52":"product_tag-silika-jel-kimyasal-ozellikleri","53":"product_tag-silika-jel-krem","54":"product_tag-silika-jel-nem-alici","55":"product_tag-silika-jel-ozellikleri","56":"product_tag-silika-jel-raf-omru","57":"product_tag-silika-jel-satis","58":"product_tag-silika-jel-suda-cozunur-mu","59":"product_tag-silika-jel-teknik-ozellikleri","60":"product_tag-silika-jel-uretimi","61":"product_tag-silika-jel-com","62":"product_tag-silikajel","63":"product_tag-silikajel-1-gr","64":"product_tag-silikajel-10-gr","65":"product_tag-silikajel-100-gr","66":"product_tag-silikajel-1gr","67":"product_tag-silikajel-250-gr","68":"product_tag-silikajel-atik-kodu","69":"product_tag-silikajel-beyaz","70":"product_tag-silikajel-beyaz-nem-alici","71":"product_tag-silikajel-degisimi","72":"product_tag-silikajel-desikator-boncuklari","73":"product_tag-silikajel-dokme","74":"product_tag-silikajel-fiyat","75":"product_tag-silikajel-kabi","76":"product_tag-silikajel-kimya","77":"product_tag-silikajel-kullanim-omru","78":"product_tag-silikajel-market","79":"product_tag-silikajel-mavi","80":"product_tag-silikajel-msds","81":"product_tag-silikajel-nedir","82":"product_tag-silikajel-nem-alici","83":"product_tag-silikajel-nem-alici-nasil-kullanilir","84":"product_tag-silikajel-nem-alici-nedir","85":"product_tag-silikajel-nem-alma","86":"product_tag-silikajel-nem-tutucu","87":"product_tag-silikajel-online","88":"product_tag-silikajel-paket","89":"product_tag-toz-silikajel","90":"product_tag-trafo-silikajel","91":"product_tag-trafo-silikajel-degisimi","93":"first","94":"instock","95":"taxable","96":"shipping-taxable","97":"product-type-simple"},"jetpack_publicize_connections":[],"jetpack_sharing_enabled":true,"jetpack-related-posts":[],"jetpack_likes_enabled":true,"_links":{"self":[{"href":"https:\/\/silikajel.kimted.net\/index.php?rest_route=\/wp\/v2\/product\/29","targetHints":{"allow":["GET"]}}],"collection":[{"href":"https:\/\/silikajel.kimted.net\/index.php?rest_route=\/wp\/v2\/product"}],"about":[{"href":"https:\/\/silikajel.kimted.net\/index.php?rest_route=\/wp\/v2\/types\/product"}],"replies":[{"embeddable":true,"href":"https:\/\/silikajel.kimted.net\/index.php?rest_route=%2Fwp%2Fv2%2Fcomments&post=29"}],"wp:featuredmedia":[{"embeddable":true,"href":"https:\/\/silikajel.kimted.net\/index.php?rest_route=\/wp\/v2\/media\/76"}],"wp:attachment":[{"href":"https:\/\/silikajel.kimted.net\/index.php?rest_route=%2Fwp%2Fv2%2Fmedia&parent=29"}],"wp:term":[{"taxonomy":"product_brand","embeddable":true,"href":"https:\/\/silikajel.kimted.net\/index.php?rest_route=%2Fwp%2Fv2%2Fproduct_brand&post=29"},{"taxonomy":"product_cat","embeddable":true,"href":"https:\/\/silikajel.kimted.net\/index.php?rest_route=%2Fwp%2Fv2%2Fproduct_cat&post=29"},{"taxonomy":"product_tag","embeddable":true,"href":"https:\/\/silikajel.kimted.net\/index.php?rest_route=%2Fwp%2Fv2%2Fproduct_tag&post=29"}],"curies":[{"name":"wp","href":"https:\/\/api.w.org\/{rel}","templated":true}]}}