{"id":249,"date":"2021-05-17T17:26:03","date_gmt":"2021-05-17T14:26:03","guid":{"rendered":"https:\/\/silikajel.kimted.net\/?post_type=product&#038;p=249"},"modified":"2021-09-09T15:53:13","modified_gmt":"2021-09-09T12:53:13","slug":"konteynir-kurutucu","status":"publish","type":"product","link":"https:\/\/silikajel.kimted.net\/?product=konteynir-kurutucu","title":{"rendered":"Konteyn\u0131r Kurutucu"},"content":{"rendered":"<h2>Konteyn\u0131r Kurutucu ( Container DRI I )<\/h2>\n<h3 class=\"drop-caps\" style=\"text-align: left;\">Nem Emici,\u00a0 ( Konteyner Kurutucu ), en iyi hava ge\u00e7irgenli\u011fi ve daha iyi s\u0131zd\u0131rmazl\u0131k i\u00e7in \u00f6zel malzeme i\u00e7inde paketlenmi\u015ftir. Emilen nem, \u00d6zel ambalaj\u0131n do\u011fas\u0131 gere\u011fi d\u0131\u015far\u0131 at\u0131lmayacak ve hava ile y\u00fczey temas\u0131 y\u00fcksek olan Kuru Hava Paketlerinin i\u00e7inde istiflenecektir. Ayr\u0131ca kurutucular\u0131n montaj\u0131, g\u00fcvenli kancas\u0131 ile konteyner duvarlar\u0131n\u0131n i\u00e7 taraf\u0131na as\u0131lmas\u0131 kadar basittir.<\/h3>\n<h4>Kap kurutucular\u0131, mallar\u0131 bir kap i\u00e7indeki nemden korumak i\u00e7in kullan\u0131l\u0131r. Bu paketler, kab\u0131n i\u00e7indeki nemi emmek i\u00e7in kullan\u0131l\u0131r.\u00a0Dryair TM&#8217; in Nem Al\u0131c\u0131 Paketleri nemi emecek ve deniz yolculu\u011fu s\u0131ras\u0131nda bile y\u00fcksek s\u0131cakl\u0131klarda nemi havaya geri d\u00f6nd\u00fcrmeyecek kal\u0131n bir jel formunda paketin i\u00e7inde tutacakt\u0131r. Kurutucular ayr\u0131ca \u00e7e\u015fitli at\u0131k po\u015fetlerinde ve biyolojik tehlike kaplar\u0131nda da etkilidir ve tehlikeli d\u00f6k\u00fclme ve s\u0131z\u0131nt\u0131 riskini azalt\u0131r.<\/h4>\n<h5 class=\"style-title\">\u00dcr\u00fcn\u00fcn Avantajlar\u0131<\/h5>\n<div class=\"col-md-offset-2 col-md-10\">\n<ol>\n<li>Deniz ta\u015f\u0131mac\u0131l\u0131\u011f\u0131 s\u0131ras\u0131nda nemi, konteyner terini, konteyner ya\u011fmurunu \u00f6nleyin.<\/li>\n<li>K\u00fcf, mantar, \u00e7\u00fcr\u00fck, korozyon vb. Olu\u015fumunu engeller.<\/li>\n<li>Kendi a\u011f\u0131rl\u0131\u011f\u0131n\u0131n% 150&#8217;sine kadar Emme Kapasitesi.<\/li>\n<li>D\u00fc\u015f\u00fck masraflar, sonra silika Jel.<\/li>\n<li>6 aydan uzun s\u00fcre dayan\u0131r.<\/li>\n<li>\u00c7ift Katman &#8211; \u00d6zel ge\u00e7irgen malzemeli paket.<\/li>\n<li>Kokusuz.\u00a0DMF i\u00e7ermez.\u00a0SGS sertifikal\u0131.<\/li>\n<li>S\u0131zd\u0131rmaz, d\u00f6k\u00fclme veya kimyasal kayb\u0131 olmaz<\/li>\n<li>Avrupa REACH standartlar\u0131n\u0131 kar\u015f\u0131lar.<\/li>\n<li>Geni\u015f uygulama s\u0131cakl\u0131\u011f\u0131 aral\u0131\u011f\u0131 -5oC-90oC&#8217;dir.<\/li>\n<li>Normal at\u0131k olarak imha edin.<\/li>\n<\/ol>\n<h3 class=\"style-title\"><em>Uygulama Alanlar\u0131<\/em><\/h3>\n<div class=\"divide20\"><strong>Tar\u0131m &#8211;<\/strong> Kahve, \u00e7ay, robacco, pirin\u00e7, un, ni\u015fasta, zencefil, kaju f\u0131st\u0131\u011f\u0131, \u00f6\u011f\u00fct\u00fclm\u00fc\u015f f\u0131nd\u0131k, betel f\u0131st\u0131\u011f\u0131, kakao, hindistan cevizi, sebze, meyve vb.<br \/>\n<strong>Metal \u00fcr\u00fcnleri &#8211;\u00a0<\/strong>Saclar, rulolar, makineler, oto yedek par\u00e7alar\u0131, al\u00fcminyum k\u00fct\u00fckler, bak\u0131r \u00fcr\u00fcnler vb.<br \/>\n<strong>Ah\u015fap \u00fcr\u00fcnler &#8211;\u00a0<\/strong>Mobilya, pervaz, kereste, odun hamuru, ka\u011f\u0131t \u00fcr\u00fcnleri vb.<br \/>\n<strong>Elektrikli \u00fcr\u00fcnler &#8211;<\/strong> Aletler, kablolar, oyuncaklar vb.<br \/>\n<strong>Deri \u00fcr\u00fcnleri &#8211;<\/strong>\u00a0Ayakkab\u0131lar, \u00e7antalar, giysiler, mobilyalar vb.<\/div>\n<div class=\"col-md-offset-2 col-md-10\">\n<p>Ve deniz yolu ile ihra\u00e7 edilen di\u011fer t\u00fcm higroskopik mallar ve m\u00fc\u015frik mallar.<\/p>\n<\/div>\n<\/div>\n","protected":false},"excerpt":{"rendered":"<h3>Konteyn\u0131r Kurutucu ( Ask\u0131l\u0131 )<br \/>\n( Container dri I )<br \/>\n1kg\u2019l\u0131k plastik ask\u0131l\u0131 ambalajlarda<br \/>\n20 Adet\u2019lik kolilerde.<\/h3>\n","protected":false},"featured_media":0,"comment_status":"open","ping_status":"closed","template":"","meta":{"_monsterinsights_skip_tracking":false,"_monsterinsights_sitenote_active":false,"_monsterinsights_sitenote_note":"","_monsterinsights_sitenote_category":0,"advanced_seo_description":"","jetpack_seo_html_title":"","jetpack_seo_noindex":false,"jetpack_publicize_message":"","jetpack_publicize_feature_enabled":true,"jetpack_social_post_already_shared":true,"jetpack_social_options":{"image_generator_settings":{"template":"highway","default_image_id":0,"enabled":false},"version":2}},"product_brand":[],"product_cat":[15,158,16],"product_tag":[179,159,160,161,162,181,261,163,164,262,25,165,166,167,168,169,180,259,170,75,171,172,173,174,76,260,258,18,77,175,21,176,137,177,41,17,178,40],"class_list":{"0":"post-249","1":"product","2":"type-product","3":"status-publish","5":"product_cat-tum-urunler","6":"product_cat-konteynir-kurutucu","7":"product_cat-silikajel","8":"product_tag-1kg-askili","9":"product_tag-aktif-alumina","10":"product_tag-beyaz-silikajel","11":"product_tag-clariant-nem-alici","12":"product_tag-con-pack-plus","13":"product_tag-conpak","14":"product_tag-container-dri","15":"product_tag-container-dri1","16":"product_tag-container-kurutucu","17":"product_tag-container-pack","18":"product_tag-desiccant","19":"product_tag-dmf-free","20":"product_tag-dri-i","21":"product_tag-dri-ii","22":"product_tag-driii","23":"product_tag-kimpak","24":"product_tag-kimtedpak","25":"product_tag-kon-pak","26":"product_tag-konpak","27":"product_tag-konteynir","28":"product_tag-konteynir-desiccant","29":"product_tag-konteynir-desikanti","30":"product_tag-konteynir-dri-1","31":"product_tag-konteynir-kuruma","32":"product_tag-konteynir-kurutucu","33":"product_tag-konteynir-pack","34":"product_tag-kontpak","35":"product_tag-nem-alici","36":"product_tag-nem-alici-silikajel","37":"product_tag-nem-onleyici","38":"product_tag-nem-tutucu","39":"product_tag-nem-tutucu-kimyasal","40":"product_tag-nemlendirici","41":"product_tag-silika-jel-fiyat","42":"product_tag-silika-jel-krem","43":"product_tag-silikajel","44":"product_tag-silikajel-koctas","45":"product_tag-trafo-silikajel","47":"first","48":"instock","49":"taxable","50":"shipping-taxable","51":"product-type-simple"},"jetpack_publicize_connections":[],"jetpack_sharing_enabled":true,"jetpack-related-posts":[],"jetpack_likes_enabled":true,"_links":{"self":[{"href":"https:\/\/silikajel.kimted.net\/index.php?rest_route=\/wp\/v2\/product\/249","targetHints":{"allow":["GET"]}}],"collection":[{"href":"https:\/\/silikajel.kimted.net\/index.php?rest_route=\/wp\/v2\/product"}],"about":[{"href":"https:\/\/silikajel.kimted.net\/index.php?rest_route=\/wp\/v2\/types\/product"}],"replies":[{"embeddable":true,"href":"https:\/\/silikajel.kimted.net\/index.php?rest_route=%2Fwp%2Fv2%2Fcomments&post=249"}],"wp:attachment":[{"href":"https:\/\/silikajel.kimted.net\/index.php?rest_route=%2Fwp%2Fv2%2Fmedia&parent=249"}],"wp:term":[{"taxonomy":"product_brand","embeddable":true,"href":"https:\/\/silikajel.kimted.net\/index.php?rest_route=%2Fwp%2Fv2%2Fproduct_brand&post=249"},{"taxonomy":"product_cat","embeddable":true,"href":"https:\/\/silikajel.kimted.net\/index.php?rest_route=%2Fwp%2Fv2%2Fproduct_cat&post=249"},{"taxonomy":"product_tag","embeddable":true,"href":"https:\/\/silikajel.kimted.net\/index.php?rest_route=%2Fwp%2Fv2%2Fproduct_tag&post=249"}],"curies":[{"name":"wp","href":"https:\/\/api.w.org\/{rel}","templated":true}]}}