{"id":227,"date":"2021-04-07T17:49:45","date_gmt":"2021-04-07T14:49:45","guid":{"rendered":"https:\/\/silikajel.kimted.net\/?post_type=product&#038;p=227"},"modified":"2021-08-12T18:32:44","modified_gmt":"2021-08-12T15:32:44","slug":"mavi-silikajel-nem-alici","status":"publish","type":"product","link":"https:\/\/silikajel.kimted.net\/?product=mavi-silikajel-nem-alici","title":{"rendered":"D\u00f6kme nem al\u0131c\u0131 silikajel mavi"},"content":{"rendered":"<h3 style=\"text-align: center;\">D\u00f6kme nem al\u0131c\u0131 silikajel Mavi<\/h3>\n<p>Silika jel kurutucu, end\u00fcstrideki bir\u00e7ok olas\u0131 kullan\u0131m\u0131n\u0131n ihtiya\u00e7lar\u0131n\u0131\u00a0kar\u015f\u0131lamak i\u00e7in \u00e7e\u015fitli a\u011f boyutlar\u0131nda mevcut olan olduk\u00e7a kullan\u0131\u015fl\u0131 bir kurutucu \u00e7e\u015fididir\u00a0.<\/p>\n<p>Kimyasallarla reaksiyona girmez, tats\u0131z, kokusuz, toksik ve a\u015f\u0131nd\u0131r\u0131c\u0131 de\u011fildir.\u00a0Son derece g\u00f6zeneklidir ve geni\u015f i\u00e7 y\u00fczey alan\u0131 nedeniyle b\u00fcy\u00fck miktarda suyu adsorbe edebilir. Nemlenmedi\u011fi i\u00e7in boyutu ve \u015fekli her zaman ayn\u0131 kal\u0131r ve adsorpsiyondan kaynaklanan kimyasal reaksiyonlar veya yan \u00fcr\u00fcnler yoktur. s\u00fcre\u00e7.\u00a0Suyla doyuruldu\u011funda bile jel serbest\u00e7e akar ve kuru kal\u0131r.<\/p>\n<h3>Mavi Silika Jel<\/h3>\n<p>Mavi Silika Jel<br \/>\nRenk De\u011fi\u015fken Silika Jel<\/p>\n<ul>\n<li>Ana bile\u015fen olarak silikon dioksit ile \u00fcr\u00fcn mavi silika jelin t\u00fcm i\u015flevlerini yerine getirir ancak<br \/>\nkobalt klor\u00fcr i\u00e7ermez ve bu nedenle zarars\u0131zd\u0131r ve kirlilik i\u00e7ermez.<\/li>\n<li>Nem de\u011fi\u015ftik\u00e7e rengi de\u011fi\u015fir. Pembe renge d\u00f6n\u00fc\u015f\u00fcr.<\/li>\n<\/ul>\n","protected":false},"excerpt":{"rendered":"<h3 style=\"text-align: center;\">D\u00f6kme nem al\u0131c\u0131 silikajel ( silica gel ) Mavi ( blue )<\/h3>\n<p>25kg &#8216;l\u0131k ambalajlarda d\u00f6kme olarak verilir.<\/p>\n","protected":false},"featured_media":228,"comment_status":"open","ping_status":"closed","template":"","meta":{"_monsterinsights_skip_tracking":false,"_monsterinsights_sitenote_active":false,"_monsterinsights_sitenote_note":"","_monsterinsights_sitenote_category":0,"advanced_seo_description":"","jetpack_seo_html_title":"","jetpack_seo_noindex":false,"jetpack_publicize_message":"","jetpack_publicize_feature_enabled":true,"jetpack_social_post_already_shared":true,"jetpack_social_options":{"image_generator_settings":{"template":"highway","default_image_id":0,"enabled":false},"version":2}},"product_brand":[],"product_cat":[66,16],"product_tag":[132,146,181,133,128,25,145,169,180,170,182,144,80,24,31,18,77,81,82,136,135,21,137,131,35,32,33,43,143,41,140,17,134,138,139,79,83,84,141,142,39,129,130,40,50],"class_list":{"0":"post-227","1":"product","2":"type-product","3":"status-publish","4":"has-post-thumbnail","6":"product_cat-dokme-nem-alici","7":"product_cat-silikajel","8":"product_tag-25kg","9":"product_tag-25kglik","10":"product_tag-conpak","11":"product_tag-cuval-silikajel","12":"product_tag-desicant","13":"product_tag-desiccant","14":"product_tag-dokme-mavi","15":"product_tag-kimpak","16":"product_tag-kimtedpak","17":"product_tag-konpak","18":"product_tag-konteynirpak","19":"product_tag-mavi","20":"product_tag-mavi-silikajel-nem-alici","21":"product_tag-nem","22":"product_tag-nem-absorber","23":"product_tag-nem-alici","24":"product_tag-nem-alici-silikajel","25":"product_tag-nem-alici-silikajel-ankara","26":"product_tag-nem-alici-silikajel-izmir","27":"product_tag-nem-cekici","28":"product_tag-nem-tut","29":"product_tag-nem-tutucu","30":"product_tag-nemlendirici","31":"product_tag-pano","32":"product_tag-rutubet-emici","33":"product_tag-rutubet-onleyici","34":"product_tag-rutubet-tutucu","35":"product_tag-silika-jel","36":"product_tag-silika-jel-1kg","37":"product_tag-silika-jel-krem","38":"product_tag-silika-jel-trendyol","39":"product_tag-silikajel","40":"product_tag-silikajel-cuvali","41":"product_tag-silikajel-krem","42":"product_tag-silikajel-nedir","43":"product_tag-silikajel-nem-alici","44":"product_tag-silikajel-nem-alici-eczanesi","45":"product_tag-silikajel-nem-alici-nasil-kullanilir","46":"product_tag-silikajel-nereden-alinir","47":"product_tag-toz-silika-jel","48":"product_tag-toz-silikajel","49":"product_tag-trafo","50":"product_tag-trafo-icin","51":"product_tag-trafo-silikajel","52":"product_tag-trafo-silikajeli","54":"first","55":"instock","56":"taxable","57":"shipping-taxable","58":"product-type-simple"},"jetpack_publicize_connections":[],"jetpack_sharing_enabled":true,"jetpack-related-posts":[],"jetpack_likes_enabled":true,"_links":{"self":[{"href":"https:\/\/silikajel.kimted.net\/index.php?rest_route=\/wp\/v2\/product\/227","targetHints":{"allow":["GET"]}}],"collection":[{"href":"https:\/\/silikajel.kimted.net\/index.php?rest_route=\/wp\/v2\/product"}],"about":[{"href":"https:\/\/silikajel.kimted.net\/index.php?rest_route=\/wp\/v2\/types\/product"}],"replies":[{"embeddable":true,"href":"https:\/\/silikajel.kimted.net\/index.php?rest_route=%2Fwp%2Fv2%2Fcomments&post=227"}],"wp:featuredmedia":[{"embeddable":true,"href":"https:\/\/silikajel.kimted.net\/index.php?rest_route=\/wp\/v2\/media\/228"}],"wp:attachment":[{"href":"https:\/\/silikajel.kimted.net\/index.php?rest_route=%2Fwp%2Fv2%2Fmedia&parent=227"}],"wp:term":[{"taxonomy":"product_brand","embeddable":true,"href":"https:\/\/silikajel.kimted.net\/index.php?rest_route=%2Fwp%2Fv2%2Fproduct_brand&post=227"},{"taxonomy":"product_cat","embeddable":true,"href":"https:\/\/silikajel.kimted.net\/index.php?rest_route=%2Fwp%2Fv2%2Fproduct_cat&post=227"},{"taxonomy":"product_tag","embeddable":true,"href":"https:\/\/silikajel.kimted.net\/index.php?rest_route=%2Fwp%2Fv2%2Fproduct_tag&post=227"}],"curies":[{"name":"wp","href":"https:\/\/api.w.org\/{rel}","templated":true}]}}